rivative of l(x). Calculate j(-6).
-10
Let u(z) = -19*z**3 - z - 2. Suppose -36*h - 24 = 14*h + 26. What is u(h)?
18
Let u be (((-18)/27)/((-1)/48))/1. Suppose 2*c + u - 30 = 0. Let d(n) = -2*n. Determine d(c).
2
Let c = -6148 - -6130. Let w(i) = -11*i - 221. What is w(c)?
-23
Let p be (-44)/(-5) + 2/10. Let b(q) be the first derivative of -q**5/120 + q**4/4 - 11*q**3/3 - 3. Let i(g) be the third derivative of b(g). Give i(p).
-3
Let z(c) = c**3 + c**2 + c + 26. Let h be (209/(-171))/(-11)*(-2 + 2). What is z(h)?
26
Let z(j) = -j**3 + 11*j**2 - 16*j - 4. Let t be z(6). Let p = -68 + t. Let n(x) = -x**2 + 11*x + 10. Let y be n(p). Let c(o) = 2*o**2 - o - 2. What is c(y)?
8
Let f(j) = j**3 + 12*j**2 - 31*j - 35. Suppose 3*h = -2 + 26, -4*h = 2*p - 4. Calculate f(p).
7
Let p(g) be the first derivative of -g**2/2 - 3*g - 16. Suppose -3*s + 5*s = -3*s. Suppose -5*a + n = -s*a - 12, 15 = a + 4*n. Give p(a).
-6
Suppose -247 + 222 = b. Let d be 3*4/10*b/30. Let y(m) = 6 + 10*m - 3 - 2. What is y(d)?
-9
Let h(v) be the first derivative of -v**4 + 2*v**3/3 - v**2/2 - 6. Suppose 33*p = -5*o + 37*p + 1, -5*o - 4*p = -9. Calculate h(o).
-3
Let k(o) = o + 7. Let i be k(-6). Let h(g) = 2*g**2 - 44*g - 71. Let s be h(26). Let r(v) = 135*v - 415*v + 138*v + s*v. Calculate r(i).
-5
Let a(g) = g**3 - 7*g**2 + 7*g - 2. Let x be ((-40)/15)/(-8) - 35/(-3). Let r be (8 + -3)*(-5)/(75/x). Let s be (-2)/5 + 312/30 + r. What is a(s)?
4
Let k(a) = -87*a - 689. Let m(b) = 3*b**2 - 54*b + 223. Let l be m(11). Calculate k(l).
7
Suppose -171*f + 166*f = -c + 5, -4*c = f + 1. Let m(i) = i**2 + 4*i - 18. Give m(c).
-18
Let a = 189 - 193. Let v(r) = r**3 - 3*r**2 + r + 3. Let o(j) = -j**3 + 5*j**2 - 4. Let u(t) = a*o(t) - 5*v(t). What is u(-4)?
5
Let x(f) be the first derivative of f**2 - f - 1034. Let v(n) = -n**2 - 4*n - 1. Let i be v(-5). Let w = i - -3. Determine x(w).
-7
Let p(l) = 8*l**2 + 4*l**2 + 2*l**2 - 15*l**2 + 0*l**2 - 10*l - 5. Suppose 40*s = 35*s - 55. Determine p(s).
-16
Let j(k) be the third derivative of -k**5/30 - 43*k**4/24 - 223*k**3/6 + 2173*k**2. Give j(-11).
8
Let l(v) = 79*v**3 + 2*v**2 - 2 - 24*v**3 + 2*v - 54*v**3 - 11. Determine l(-3).
-28
Let z(o) = -2*o - 7. Let m be z(-10). Let y = m - 7. Let d(p) = -1844*p + p**3 - 4*p**2 + 1852*p + 27 - 28 - 3*p**2. Determine d(y).
11
Let n(i) = 3*i + 31. Let w be n(-10). Let d be -7*w*(-144)/(-168). Let t(u) = 4*u + 14. Determine t(d).
-10
Let t(p) = 161*p**2 + 32*p - 58. Let d(z) = 134*z**2 + 31*z - 58. Let g(j) = -6*d(j) + 5*t(j). Calculate g(23).
-11
Suppose 20 = -32*x + 34*x. Let d(c) = -12 + x*c - 7*c - 2*c. Calculate d(7).
-5
Let i(a) be the third derivative of a**4/24 - a**3/3 + 9*a**2. Suppose 3*j + 791 = -4*w, 4*w = -j - 4*j - 793. Let l = w + 197. Calculate i(l).
-2
Let s(z) = 2*z + 8. Let c(v) = -9*v - 13. Let y be c(0). Let n = y + 5. Give s(n).
-8
Suppose 0 = -7*g + 8 + 34. Let s(v) = -v - 6. Let w(r) = r + 7. Let j(b) = g*w(b) + 7*s(b). Give j(-4).
4
Let d(u) = 47*u**2 - 45*u + 263. Let j(f) = -17*f**2 + 15*f - 89. Let a(p) = 4*d(p) + 11*j(p). Give a(11).
29
Let w(c) = c**3 + 4*c**2 + 2. Suppose -48*k + 60 = -68*k. What is w(k)?
11
Let c(v) = v**3 - 1 - 710*v**2 + 1440*v**2 - 738*v**2. Determine c(8).
-1
Let g(c) = -6*c**3 - 31*c**2 - 28*c + 59. Let w(j) = 5*j**3 + 31*j**2 + 28*j - 59. Let p(u) = -4*g(u) - 5*w(u). Determine p(-30).
-1
Let c(j) = 5*j**3 + 5*j**2 + 8*j + 9. Let q(u) = -u**3 - 2*u**2 - u. Let v be ((-352)/(-260) + (-8)/52)*-5. Let p(o) = v*q(o) - c(o). What is p(-7)?
5
Let s(j) = 23*j + 19. Suppose 2*n - 3*n = 6. Let q(l) = 11*l + 9. Let h(m) = n*s(m) + 13*q(m). Let f be (0 - 7) + (9 - 4). Determine h(f).
-7
Let y = 5 + -3. Let t(l) = 1 + 0 - 2*l - 8*l**y + l**2. Suppose -2*o - 815 = -g - 823, 4*g = -o - 23. Calculate t(o).
-8
Let w(y) be the first derivative of -9*y**2/2 - 7*y + 294. What is w(-7)?
56
Let k(y) = -y. Let s be (-1)/(-2)*(-67 + 11). Let x = -27 - s. Determine k(x).
-1
Let m(j) be the second derivative of j**5/5 + j**4/12 - j**3/6 - 42*j**2 - 2*j + 12. Let b(f) be the first derivative of m(f). Calculate b(1).
13
Let t(m) = m - 1. Let h(w) = 20*w - 9. Let k(u) = -10*u + 4. Let p(q) = 3*h(q) + 7*k(q). Let d(v) = p(v) - 2*t(v). Give d(2).
-21
Let b(d) = -31*d**2 - 46*d + 38. Let z(s) = 39*s**2 + 49*s - 37. Let q(x) = 5*b(x) + 4*z(x). Calculate q(33).
9
Let h(v) be the third derivative of -v**5/60 + v**4/6 + 11*v**3/3 + 21*v**2 + 28*v. Let q be (-2)/9 + 325/45. Give h(q).
1
Let q = 78 - 72. Suppose -190 = q*f - 196. Let o(c) = -2*c. Give o(f).
-2
Let n(w) be the second derivative of -1/2*w**2 - 13*w - 4 - 1/12*w**4 + 11/20*w**5 + 1/3*w**3. Let j be (-9)/(-7) + (-4)/14. What is n(j)?
11
Suppose -4 - 2 = -j. Suppose -11*b - 629 = -640. Let t(w) = 2*w + 3. Let o(m) = -9*m - 9. Let y(r) = b*o(r) + 5*t(r). Calculate y(j).
12
Suppose 2*s = -3*h - 5, -2*s - s + 2*h + 12 = 0. Let t(y) = 11*y - 3*y**s + 7*y + 12*y - 26*y. Give t(3).
-15
Let m(i) = i. Let r(s) = -9*s**3 + 3*s - 1. Let j(k) = 3*m(k) - r(k). Suppose 7 = c - 54. Suppose -9*p + c = 52. Determine j(p).
10
Let o(u) = 57*u - 3. Let x(f) = -199*f + 2. Let v(d) = 7*o(d) + 2*x(d). Let g be 29/4 - (-2)/(-8). Determine v(g).
-10
Let p = -12 + 16. Suppose -2*f + 6*l = 7*l + 2, -16 = p*f - 4*l. Let a(m) = 2*m**3 + 3*m**2 + 2*m + 2. Give a(f).
-6
Let d(z) = 0 + 65993*z - 2 - z**2 - 65983*z. Suppose -n + q = -7, 4*n - 2*q = 3*n + 5. Determine d(n).
7
Suppose 15*o = 8 + 138 + 49. Let r(w) = -2*w + 17. Determine r(o).
-9
Let h(y) = -29*y - 30. Let d(l) = 54*l + 55. Let n(f) = 6*d(f) + 11*h(f). Calculate n(15).
75
Let m = 136 - 77. Let w = m - 24. Suppose 3*p = -2*p + w. Let l(y) = -y - 3. Give l(p).
-10
Let l(d) = 5*d + 47. Let o be l(3). Suppose 15 = -o*f + 67*f. Let r(z) be the second derivative of z**4/6 - 2*z**3/3 + 3*z**2/2 - 3*z. What is r(f)?
9
Let z(g) = -46 + 219*g - 676*g + 227*g + 220*g. Calculate z(-4).
-6
Let b(w) = -6*w + 47073*w**2 - 11*w + 18 - 47078*w**2 + 4*w**3 - 3*w**3. Calculate b(7).
-3
Let c(l) = 16*l + 1. Suppose -y - 3*q = -4*y + 27, -3*q = -y + 1. Let p(m) = m**2 - 7*m - 77. Let z be p(y). What is c(z)?
17
Suppose b + 2*f = -b - 20, 5*f + 10 = 3*b. Let d be (b/((-75)/(-24)))/((-8)/40). Let a(w) = w**2 - 9*w - 4. Calculate a(d).
-12
Let n(v) = 2 + 5*v**3 - 47*v - v**2 - 8*v**3 + 16*v + 32*v. Calculate n(-1).
3
Suppose -4*d - 17 = -5*w - 44, 12 = -4*w. Let j(t) = -868 - 4*t**d + 7*t**2 + 5*t**3 + 875 + 7*t. Determine j(-5).
22
Let x(l) = 5*l**2 - 83*l - 230. Let f(t) = t**2 - 6*t + 2. Let s(k) = 6*f(k) - x(k). What is s(-6)?
-4
Let x(z) = -z**3 - 11*z**2 + 16*z + 4. Let c(q) = -q**3 - 12*q**2 + 20*q + 4. Let a(i) = -5*c(i) + 6*x(i). What is a(-6)?
28
Let b(h) = 3*h - 2. Let f(a) = 10*a - 5. Suppose 6*q - 10*q = -312. Let p = -85 + q. Let v(w) = p*b(w) + 2*f(w). What is v(3)?
1
Let b(y) = -y**3 - 2*y**2 - 4*y. Let d(n) = -n**3 - 12*n**2 + 29*n - 69. Let a be d(-15). Suppose 15*v = a - 231. What is b(v)?
48
Let i = 6189 - 6189. Let p(k) = 16 + 7 - 34 + k**2. What is p(i)?
-11
Let b(p) = p**3 - 3*p**2 + p. Let j be (-8)/(-3 + 8 + -7). Suppose -4*q = -4*l + 7*l - 1, -j*q + 2*l = -6. What is b(q)?
-1
Let y(f) be the third derivative of f**7/1260 + f**6/720 + f**5/40 - f**4/6 - 5*f**3/6 + 7*f**2 - 2. Let v(t) be the second derivative of y(t). Calculate v(3).
24
Let o(v) be the first derivative of -v**4/4 + 11*v**3/3 - v**2/2 + 21*v - 214. Calculate o(11).
10
Let o(c) = -7*c**3 + c**2 - 347*c - 28. Let m(w) = -8*w**3 + w**2 - 405*w - 27. Let j(f) = -6*m(f) + 7*o(f). Let v(s) = -s + 1. Let t be v(1). Determine j(t).
-34
Let d(b) = b**3 + 5*b**2 - 6*b - 2. Let f be 1342/33 + (-1)/(-3) + -4. Suppose -4*j + 26 = -5*y, -5*y + j = -8 + f. Calculate d(y).
-2
Let h = -5 - 0. Let p(u) be the second derivative of u**4/4 + 8*u**3/3 - 2*u**2 + 6538*u. Determine p(h).
-9
Let m(x) = 2*x**2 + 47*x + 66. Let n be m(-22). Suppose n = -0*v - 16*v. Let l(c) = -c - 5. Let g(z) = -z - 4. Let t(s) = 3*g(s) - 4*l(s). Determine t(v).
8
Let f(j) be the first derivative of -5*j**2 + j + 3. Let y(t) = -20*t**2 - 521*t - 25. Let i be y(-26). Determine f(i).
-9
Let u(h) = 11*h + 118. Let b(t) = -3*t**2 + 80*t + 256. Let l be b(-3). What is u(l)?
-3
Let h be 20/6 + 2/3. Suppose d + 0*d - 3 = 0, -5*d - 5 = -h*f. Let v(m) = 33 + f*m + 2*m**2 -